 base 2.
111100001110000111011
Convert 371874 (base 14) to base 16.
1cca4e
Convert 301132200 (base 4) to base 8.
613640
What is 5333486 (base 9) in base 2?
1010111001011010110000
What is -1100100011001111 (base 2) in base 6?
-1033555
-24200152 (base 6) to base 14
-15ba4c
6120729 (base 10) to base 11
350065a
28447 (base 10) to base 15
8667
What is 3011313003 (base 4) in base 10?
810435
Convert 1113250051 (base 6) to base 14.
1897b31
What is -120e27e (base 15) in base 4?
-301123120022
Convert -ed950 (base 16) to base 12.
-3ab1a8
What is 20503651 (base 7) in base 11?
a83702
Convert 214020554 (base 6) to base 9.
7174757
Convert 2b97e6 (base 15) to base 6.
113102143
10c43 (base 15) to base 10
53388
Convert -2303124 (base 6) to base 7.
-666046
What is -1010112221222 (base 3) in base 7?
-5053226
What is -1200261 (base 8) in base 10?
-327857
Convert 4052033 (base 6) to base 4.
233100111
What is -36207 (base 11) in base 4?
-30232332
What is -22310112030 (base 4) in base 6?
-140440540
What is 522545 (base 6) in base 3?
2010202202
Convert 751811 (base 10) to base 15.
ecb5b
What is -30014455 (base 6) in base 3?
-1120210012122
Convert 66652515 (base 7) to base 9.
11750466
What is -113220223 (base 4) in base 2?
-10111101000101011
-1324889 (base 11) to base 16
-22f2d1
-6165011 (base 7) to base 14
-153378
7a72 (base 15) to base 16
657e
-ccc1 (base 13) to base 4
-12332011
Convert 27a48 (base 15) to base 3.
20110110212
What is -565412 (base 7) in base 12?
-4a0b5
What is -154545440 (base 6) in base 12?
-1138280
Convert -111302303 (base 4) to base 8.
-256263
What is 13547432 (base 9) in base 2?
11001100100110001101101
-dc31b (base 14) to base 3
-1000002001212
695132 (base 11) to base 4
10031233312
What is -13384 (base 10) in base 15?
-3e74
1f722 (base 16) to base 13
4681b
What is -1209909 (base 10) in base 12?
-4a4219
What is -22100312 (base 5) in base 6?
-4030523
Convert 5325321 (base 8) to base 15.
1d0b0a
Convert 133202002223 (base 4) to base 11.
4736324
Convert 19895 (base 15) to base 11.
57350
Convert 22112022010011 (base 3) to base 11.
2616796
What is 11111011101000110 (base 2) in base 5?
13110323
What is 28e28 (base 15) in base 9?
220262
What is 1243304 (base 6) in base 14?
1aba0
Convert -1d1d5 (base 14) to base 8.
-221347
211776 (base 11) to base 6
11133244
Convert -211303233223 (base 4) to base 7.
-150146563
What is -56cd1 (base 14) in base 12?
-a219b
What is -142414434 (base 6) in base 11?
-1719473
Convert -12537732 (base 8) to base 4.
-22223333122
Convert 35691 (base 15) to base 8.
514374
Convert -304144421 (base 5) to base 10.
-1240611
-135241 (base 6) to base 9
-18547
What is 4102444 (base 5) in base 4?
100013033
11013144120 (base 5) to base 6
1101552410
What is 3307111 (base 8) in base 14?
191a89
Convert -143040025 (base 6) to base 12.
-ba0015
Convert 1424351 (base 10) to base 15.
1d206b
Convert -42ba9ab (base 12) to base 6.
-1131542335
12306113 (base 7) to base 14
20d043
Convert 63065356 (base 7) to base 10.
5310514
1d030 (base 14) to base 7
426060
Convert 1353bb0 (base 13) to base 4.
113033110312
What is -d6608 (base 14) in base 10?
-517056
What is -16b585 (base 16) in base 12?
-5b9319
What is -3225314 (base 6) in base 5?
-20044220
-3905b75 (base 12) to base 10
-11207753
What is -1ab69b9 (base 12) in base 11?
-3253192
Convert 34a1b9 (base 12) to base 4.
3032302131
What is 1097c (base 15) in base 10?
52767
2524301 (base 6) to base 12
66691
What is 19a96b9 (base 12) in base 3?
101020212011020
Convert -343135045 (base 6) to base 9.
-12778462
What is 45882 (base 12) in base 3?
11201100022
-2066211 (base 7) to base 14
-67b08
Convert -4b9542 (base 15) to base 14.
-6a5597
Convert 69a322 (base 12) to base 14.
3227d8
11440410020 (base 5) to base 6
1203350501
What is 100233101 (base 4) in base 12?
33815
Convert 31241132 (base 5) to base 9.
434145
-122001211121 (base 3) to base 9
-561747
What is 396a6 (base 16) in base 10?
235174
What is 20110220100022 (base 3) in base 4?
31020132131
-71321 (base 13) to base 9
-337885
-13890 (base 12) to base 14
-9c96
Convert 354b25 (base 13) to base 12.
511516
Convert -11202112111 (base 3) to base 13.
-3385c
Convert -30d2c3 (base 16) to base 7.
-36124344
What is -20200324 (base 6) in base 10?
-575548
-1782350 (base 9) to base 3
-1212202101200
-5ea5 (base 15) to base 16
-4ed4
What is -1740104 (base 8) in base 13?
-14a29a
Convert 1210113332 (base 5) to base 10.
2816717
1110111000100101 (base 2) to base 16
ee25
What is 3df95 (base 16) in base 4?
331332111
24434 (base 10) to base 11
173a3
98205d (base 14) to base 5
2304401230
What is 26076b (base 12) in base 5?
124420141
What is 12144020 (base 7) in base 9?
2035525
218505 (base 10) to base 9
362653
290566 (base 11) to base 7
3602133
What is -3875a18 (base 11) in base 10?
-6713462
What is 1288172 (base 11) in base 14?
41b8c7
ada788 (base 14) to base 7
101130231
What is 1122cda (base 15) in base 6?
1114443241
What is 1912913 (base 10) in base 4?
13103001101
What is a9e3 (base 15) in base 12?
189b0
2a1a02 (base 11) to base 14
c394b
-828367 (base 9) to base 4
-1320002002
Convert 1b8aa (base 13) to base 11.
37811
87a97a (base 13) to base 11
1891662
Convert -1100100101001010100011 (base 2) to base 11.
-1952891
1010010101101110101011 (base 2) to base 13
73b918
2013303212 (base 4) to base 2
10000111110011100110
What is -1020200120202002 (base 3) in base 2?
-1000100010010111011011100
Convert -103030333303 (base 4) to base 5.
-2242041341
Convert 10000110100101111110 (base 2) to base 7.
4454162
Convert 664274 (base 13) to base 3.
11112100121222
212320223 (base 4) to base 14
4208b
What is 7082964 (base 10) in base 7?
114130020
Convert -6079475 (base 11) to base 16.
-a3f24e
What is -30d78 (base 15) in base 5?
-14424123
5b586b (base 13) to base 15
2d1c77
What is -77b00 (base 12) in base 4?
-212301300
356b8 (base 15) to base 2
101001100100100001
What is -10100102012021 (base 3) in base 12?
-719a67
Convert -33212344 (base 5) to base 14.
-771b4
Convert -5052505 (base 9) to base 16.
-291326
What is -40120131 (base 5) in base 13?
-b1332
What is -21203133 (base 5) in base 8?
-534557
Convert -12015535 (base 6) to base 16.
-5bc13
What is 102425 (base 11) in base 4?
220012000
Convert 18070 (base 14) to base 11.
4147a
1323011210 (base 4) to base 10
504164
Convert -30311a (base 11) to base 5.
-111043123
What is 5804387 (base 11) in base 14?
14c39c7
Convert -129386 (base 11) to base 12.
-99415
Convert -45609 (base 11) to base 6.
-1225202
7425 (base 14) to base 4
10320321
1120254 (base 7) to base 8
420203
1302d6 (base 15) to base 12
37b879
Convert 8a339 (base 15) to base 5.
103030404
Convert -5124875 (base 9) to base 7.
-32141645
400a5 (base 13) to base 2
11011111011001011
What is 53de7 (base 15) in base 13?
94339
670a7 (base 11) to base 6
2030212
Convert 110111101111000101000 (base 2) to base 15.
261214
What is 5350331 (base 6) in base 7?
2144251
75c5c9 (base 14) to base 2
1111001110010110010101
-2434605 (base 13) to base 9
-23122473
Convert -223047 (base 10) to base 8.
-663507
What is 26756a (base 13) in base 6?
31534440
Convert -713581 (base 10) to base 6.
-23143341
-2201101200010 (base 3) to base 10
-1444638
Convert 156b75 (base 14) to base 5.
142424002
7227887 (base 10) to base 9
14535715
What is 20112320200 (base 4) in base 12?
897a54
What is -2c6242 (base 14) in base 16?
-17b492
What is -3883277 (base 9) in base 12?
-86395a
What is 4151334 (base 10) in base 9?
7726503
Convert 57aa7 (base 13) to base 7.
1234335
What is 131542 (base 10) in base 16?
201d6
What is 167009 (base 10) in base 15?
3473e
-4a880 (base 14) to base 16
-2ca00
What is 3932ab (base 12) in base 13?
26b376
What is -203421010 (base 5) in base 8?
-3154425
-637177 (base 9) to base 15
-77571
Convert -1000010032 (base 4) to base 14.
-6b8bc
48c42a (base 14) to base 6
125230434
-131032100 (base 4) to base 3
-20002012012
12110021102 (base 3) to base 5
11413423
Convert 3636641 (base 7) to base 15.
92468
-15430433 (base 6) to base 8
-2057025
Convert -2212212012122 (base 3) to base 14.
-2bc6d0
Convert -54638 (base 9) to base 16.
-8d92
550704 (base 13) to base 4
13220121021
-5931031 (base 10) to base 7
-101261431
What is -1112012021 (base 3) in base 16?
-754f
Convert -11420031241 (base 5) to base 14.
-1adbb35
What is -4a651 (base 13) in ba